 = 812 - o. Is i composite?
False
Let z(d) = 311*d**2 - 243*d**2 + 1 + 0 + 2*d. Let n = -15 - -13. Is z(n) a composite number?
False
Suppose 2*y - 5*y - 3*t + 15792 = 0, -3*y = t - 15786. Is y composite?
False
Let h(j) = -2*j**2 + 8*j + 5. Let b be h(4). Let l be 18/(-30)*(-5 - 0). Suppose -4*r + 316 = -2*u - l*u, 5*u - 395 = -b*r. Is r composite?
False
Let y(k) = 96*k**3 + 6*k**2 - 28*k + 19. Is y(6) a composite number?
True
Let h = -12 - -10. Let w(o) = -3 - 14*o - 5*o + 2*o. Is w(h) a prime number?
True
Suppose 5*l - 451305 = 5*p, 2*l + 95*p - 180520 = 98*p. Is l prime?
True
Let c be (1 - -1)*29144/16. Suppose 6*o - c = -v + o, -3*o - 3643 = -v. Is v a prime number?
True
Let u(f) = -261*f - 41. Let n be u(-13). Suppose 3*t + 5*t = n. Is t prime?
True
Suppose -12*t - 135439 = -29*t. Is t a prime number?
False
Let x be (-1)/3 + 7095/(-45). Is ((-4)/(-8))/(3/x)*-3 a composite number?
False
Let x(t) = 3961*t + 8. Is x(29) prime?
False
Let a be (-2)/((-4)/3)*2. Suppose -2*u - 4 = 3*g - 5*g, 5*u = a*g - 6. Is g/((4/(-194))/(-1)) a composite number?
False
Suppose -14 = -4*m + 14. Let p = -4 + m. Suppose -2*o = p*o - 555. Is o a prime number?
False
Let x(r) = -1315*r**3 + 2*r**2 - r. Let p be x(-2). Let v = p + -6139. Is (-27)/36 - v/(-4) a composite number?
False
Let v be (-16)/7 + 6/21. Let r(b) = 74*b - 102*b - 92*b - 5. Is r(v) prime?
False
Let j(z) = -4*z**3 + 8*z**2 + z. Let f be j(-6). Suppose 0 = -2*u - 148 + f. Is u composite?
False
Let r(a) be the first derivative of a**4/4 - a**3/3 + a + 4. Let q be r(2). Suppose q*s + 174 = 8*s. Is s prime?
False
Let x be (-1)/2*-4*472/16. Suppose 0 = -2*n + 45 + 3. Let u = n + x. Is u a prime number?
True
Suppose 2*x + 3*k = x + 5, 6 = 2*x + 4*k. Is 2*(x - 0) - (-417)/1 composite?
True
Let s be (-1 - 1658/10)*-5. Suppose p + 5*p = s. Is p a prime number?
True
Let w(c) = 34*c + 85001. Is w(0) composite?
True
Let a = 34 - 29. Let f = 7 - 5. Suppose -a*r + 889 = f*r. Is r composite?
False
Let n(m) = -602*m**3 + 4*m**2 - 6*m - 9. Is n(-2) a prime number?
False
Let m = 244 - 482. Let h = 973 - m. Is h prime?
False
Let l be 5/(-25) - 49/5. Let u(q) = q**2 + 6*q + 13. Is u(l) prime?
True
Let k(w) = 35*w**2 - 3*w + 1. Suppose -4*m + 69 = 9. Let v = -12 + m. Is k(v) a prime number?
True
Let r be (10 - 1) + -2 + 0 + -3. Suppose 4*i - 8720 = -r*p, -p + 4*i + 10927 = 4*p. Is p a composite number?
True
Suppose 0 = -2*w + 3*v + 1505, -368 + 1116 = w - 3*v. Suppose 4*n - 280 = -3*a + 736, w = 3*n + a. Is n a prime number?
True
Let d = 2 + -2. Suppose -3*a = n - 526 - 283, d = 2*n + 4*a - 1614. Is n prime?
False
Let x(w) = -69*w + 4. Let r(q) = -3*q + 2. Let n be r(-4). Let h = n - 17. Is x(h) a composite number?
False
Let y be (-17)/51*(0 + 21). Let i = 2 - y. Is i a prime number?
False
Suppose 19*l = -2*u + 15*l + 8536, 2*u - 3*l = 8557. Is u a prime number?
False
Let b be (-656)/(-40) + 3/5. Suppose -b*g + 13*g = -452. Is g a prime number?
True
Let l = -92 + 423. Is l composite?
False
Let g(c) be the first derivative of c**4/4 - 3*c**3 - 2*c**2 + 14*c + 40. Is g(10) prime?
False
Let h be (0 - 2 - (-4 - -3))*-1. Let s(p) = 2544*p**2 - 6*p + 5. Is s(h) a composite number?
False
Let k(w) be the second derivative of 13*w**3/2 + 11*w**2/2 - w. Is k(5) composite?
True
Let b = 89 - 88. Is b/((12/2342)/6) prime?
True
Let q(w) = -355*w + 46. Is q(-3) composite?
True
Suppose -3*q - 9348 = -2*v - 1624, 0 = -5*v + 5*q + 19310. Is v composite?
True
Let r(z) = 959*z + 21. Let v(j) = 48*j + 1. Let t(g) = 6*r(g) - 119*v(g). Let c be t(-5). Is ((-4)/(-2))/((-2)/c) composite?
True
Let b = -12 + 17. Let q = -3 + b. Suppose -q*u + 192 = -3*y + 27, 0 = 3*u - 3*y - 252. Is u composite?
True
Let u = 11016 - 7063. Is u a prime number?
False
Let k(z) = 164*z + 5. Let c(g) = -165*g - 4. Let b(u) = -4*c(u) - 3*k(u). Is b(6) prime?
True
Let y(t) = 6 + 6 + 3 - 206*t. Is y(-3) a prime number?
False
Let u = -2 - -6. Let o(m) = 3*m**2 + 33*m - 34. Let c be o(-12). Suppose 64 = c*b - 2*i - 46, -b - u*i + 45 = 0. Is b a composite number?
False
Let j(o) = -2*o**3 - 41*o**2 - 43*o - 29. Is j(-32) prime?
False
Let h(n) = 945*n + 5. Is h(2) prime?
False
Let w be 2/10 + 3/(90/(-66)). Is 2*(2289/6 + 0 - w) composite?
True
Let i(x) = 5 + 2*x + 2*x**2 + 6*x + 2. Let d be i(-6). Suppose 4*b + d = 387. Is b prime?
True
Suppose -84*n + 76*n + 53944 = 0. Is n composite?
True
Suppose 2*u - 2994 = 38144. Is u a composite number?
True
Let o(h) = -1641*h + 197. Is o(-4) prime?
True
Suppose -3*i - 4*j + 82591 = 0, -i + 3*i - 55062 = -2*j. Is i prime?
False
Let k(z) = z**2 - 10*z + 1. Let t(j) = 3*j**2 - 19*j + 2. Let u(w) = -5*k(w) + 3*t(w). Let s be u(-5). Is s/(-16)*(-1 - 13) prime?
False
Suppose 5*f = 15*f - 125170. Is f prime?
True
Let b be 954/(-4) + (-6)/(-4). Let j = b + 584. Is j prime?
True
Suppose 24*m - 1214930 = -213866. Is m a composite number?
True
Let n = 2038 + -1667. Is n a composite number?
True
Let t(y) = 10*y**2 + y + 15. Let w be (-2)/(3 - 231/75). Let h = -33 + w. Is t(h) composite?
False
Let d(a) = 13*a**3 + 5*a**2 - a - 1. Suppose -8*x + 16 = -4*x. Is d(x) a composite number?
False
Let s(o) = -2*o**2 + 105*o + 21. Is s(26) a composite number?
False
Let i = -20 + 798. Suppose -2*l + i + 484 = 0. Is l a composite number?
False
Let k = -1392 - -2281. Suppose 0 = 11*p - 18*p + k. Is p a prime number?
True
Let i be (-17)/3 - 10/(-15). Is (i/2)/((-2)/212) a composite number?
True
Suppose -3*y + 3*j = -21, -31 = -4*y + 2*j - j. Let v(q) = -14*q + 18. Let o be v(1). Suppose -3*t + y*t - 341 = -4*k, o*t + 190 = 2*k. Is k composite?
False
Let q(b) = -209*b - 157. Is q(-30) a composite number?
False
Is (-1)/(-1 + ((-72910)/(-24305) - 2)) a prime number?
True
Let z = 32 - 22. Let a be z/25 - (-103)/5. Let f = 80 - a. Is f composite?
False
Let u = 1604 + 11895. Is u a composite number?
False
Let a(z) = -6 - 2*z + z - z. Let f be a(-9). Is (669/f)/(2/40) composite?
True
Suppose 3*x - x = 0. Suppose 4*g + x*g = 0. Suppose 4*v - h - 360 = 0, -2*v - 4*h + 82 + 116 = g. Is v a prime number?
False
Suppose -5*c = -0*c + 160. Let z = c + 727. Is z prime?
False
Let i(r) = 13*r**2 + 2*r + 13. Let m(z) = z - 9. Let q be m(12). Let l = q - 9. Is i(l) composite?
True
Let p(u) = -44*u - 2. Let g be p(-5). Let o be 2/((-8)/198)*2. Let r = g - o. Is r prime?
True
Let a = -4 - -2. Let t(k) = 28*k**3 + 4*k**2 - 4*k + 2. Let d(y) = 55*y**3 + 7*y**2 - 7*y + 3. Let j(u) = -4*d(u) + 7*t(u). Is j(a) a composite number?
True
Let d(x) = 96*x**2 + x - 1. Let y = 36 - 38. Is d(y) prime?
False
Let h(c) = c**3 - 4*c**2 - 9*c + 27. Let b be h(4). Is 1642/((-6)/b*3) prime?
True
Let g = 28 + -24. Suppose g*y + 12 = 0, -5*y - 8 = 5*q + 7. Suppose -5*h - 25 = 0, q = -l + 4*h + 20 + 21. Is l a composite number?
True
Let n(p) = p**3 + 9*p**2 + 7*p + 14. Let u be (12 - -4)*-1 - -4. Let a be n(u). Is (-1 + a)/(-7 - -6) composite?
False
Suppose -5*b - 24177 = -s + 4932, -145485 = -5*s - 5*b. Is s a prime number?
False
Let n(q) = -q**3 + 13*q**2 - 4*q - 1. Suppose 0*x + 49 = 5*w - 4*x, 4*w - 38 = 2*x. Is n(w) a composite number?
True
Is (-16)/(-12) - (-744452)/12 a prime number?
True
Let f(q) = 322*q - 263. Is f(31) prime?
True
Suppose 4*a - 8 = 0, 2*p - a = -305190 + 837846. Is p a composite number?
True
Suppose 0 = -v + 3*l + 7106, -v + 3*l + 14200 = v. Is v a composite number?
True
Let j(g) = g. Let o be j(9). Suppose -3*u + 12 = 0, 4*x = o*x - 4*u - 199. Suppose -p + 13 = 3*i, 3*i = -4*p - 0*i + x. Is p a prime number?
False
Let s = 19492 + -5211. Is s a composite number?
False
Is ((-14738)/6)/((-95)/285) composite?
False
Let x(a) = -a**2 + 2*a - 2. Let h be x(2). Let w be h/(-7) + (-4072)/(-56). Suppose 338 = 5*g + w. Is g a composite number?
False
Let b(o) = 11363*o + 868. Is b(5) a composite number?
True
Suppose 7*a - 2*z = 2*a + 9517, a = -2*z + 1901. Is a a prime number?
False
Let n(i) be the second derivative of i**7/2520 + i**6/720 + i**5/120 - 7*i**4/12 + 7*i. Let x(b) be the third derivative of n(b). Is x(-4) composite?
False
Suppose 372 = -2*u + 1264. Is u prime?
False
Let w be (-4)/(2/2) + 816. Suppose 2*d - w = d. Let a = -477 + d. Is a a composite number?
True
Is (-2)/(((-3)/(-2))/(79263/(-12))) a prime number?
True
Let q = 1890 + -781. Is q a composite number?
False
Let 